851246099 a composite number?
True
Is 1739659177 prime?
True
Is 370247222 prime?
False
Is 1650787757 a composite number?
False
Is 1030175735 prime?
False
Is 3220707737 composite?
True
Is 853096441 a composite number?
False
Is 11963725481 prime?
True
Is 122546707441 composite?
True
Is 10130017917 composite?
True
Is 481435967 composite?
False
Is 242549407 a composite number?
True
Is 4363882331 a composite number?
True
Is 13341372977 a composite number?
True
Is 6406616707 composite?
True
Is 1655603077 a prime number?
False
Is 24900363679 composite?
True
Is 9566644891 composite?
True
Is 509243737 prime?
False
Is 16544520359 prime?
True
Is 168125897 a composite number?
False
Is 1842646381 a composite number?
True
Is 149968549 a prime number?
True
Is 2054830159 a prime number?
True
Is 485008813 a composite number?
True
Is 44274028577 a prime number?
False
Is 2707590997 a composite number?
True
Is 440210434673 prime?
False
Is 6775940659 a composite number?
False
Is 641771317 prime?
False
Is 4219151603 a composite number?
True
Is 122247349037 a composite number?
True
Is 9017860321 prime?
False
Is 180363017609 prime?
True
Is 3173268833 a composite number?
True
Is 615042569 composite?
False
Is 47028890539 a prime number?
True
Is 23858834737 composite?
True
Is 25796811193 a prime number?
False
Is 1177661785 prime?
False
Is 216050455 prime?
False
Is 43971461147 composite?
True
Is 1598840063 composite?
True
Is 620518903 composite?
False
Is 7893112691 a prime number?
False
Is 2206003507 prime?
True
Is 651280607 a composite number?
False
Is 1091923883 composite?
False
Is 78418484813 composite?
False
Is 152383930099 a composite number?
False
Is 777511769 a composite number?
False
Is 114820981723 a composite number?
True
Is 4869272911 a composite number?
True
Is 77050510709 a composite number?
True
Is 2543358409 a composite number?
True
Is 7627201271 a composite number?
False
Is 521306519 composite?
True
Is 7159253 composite?
True
Is 1345474789 composite?
False
Is 367193539 a prime number?
False
Is 5978633621 a composite number?
False
Is 43910911526 composite?
True
Is 2447271563 prime?
False
Is 718473683 composite?
False
Is 144057283 composite?
True
Is 28512388159 prime?
True
Is 41285021 prime?
True
Is 484413641 prime?
True
Is 1707504713 a composite number?
True
Is 216885553 composite?
False
Is 25637682283 prime?
True
Is 57582563 a composite number?
False
Is 4415671679 a prime number?
True
Is 400595933 composite?
True
Is 16681985569 a composite number?
False
Is 343425113 prime?
True
Is 2074679471 a composite number?
True
Is 1005103157 prime?
True
Is 424620709 composite?
False
Is 110372821261 prime?
False
Is 3151333313 a prime number?
False
Is 50630308517 a composite number?
False
Is 11925698353 composite?
True
Is 6361419755 a composite number?
True
Is 8176186713 prime?
False
Is 90295897507 prime?
False
Is 19156741301 a prime number?
False
Is 18478177667 a prime number?
False
Is 114127977203 prime?
False
Is 17914208747 prime?
True
Is 61721533 a prime number?
True
Is 110446283 a prime number?
False
Is 145885356269 prime?
True
Is 80364243549 a composite number?
True
Is 553883657 a composite number?
False
Is 780771587 a prime number?
True
Is 5702408401 a prime number?
False
Is 9652296943 composite?
False
Is 9817541941 a composite number?
True
Is 282374227 prime?
True
Is 9455828071 a prime number?
True
Is 1107860489 prime?
False
Is 421338131 a prime number?
False
Is 5352481643 prime?
True
Is 16465202581 prime?
True
Is 23341627367 composite?
False
Is 11220546917 a prime number?
True
Is 149177927629 a composite number?
False
Is 13202013701 prime?
True
Is 96093467 composite?
True
Is 9231730681 composite?
False
Is 3069035979 a prime number?
False
Is 1834587491 a prime number?
False
Is 294403927 composite?
False
Is 69379386031 a composite number?
True
Is 2112900527 a prime number?
False
Is 904752973 a prime number?
True
Is 1041956563 a composite number?
False
Is 30115949777 prime?
True
Is 1400232473 a prime number?
True
Is 1684732279 prime?
True
Is 22537574789 a composite number?
False
Is 26229516653 prime?
True
Is 29753629 prime?
False
Is 143562899 a prime number?
True
Is 3004286858 composite?
True
Is 709766411 composite?
True
Is 315294153 a composite number?
True
Is 1982615057 prime?
True
Is 7312965295 prime?
False
Is 69343502509 composite?
False
Is 1193036959 a composite number?
True
Is 88628167799 a composite number?
False
Is 858432061 a prime number?
False
Is 4566623473 composite?
False
Is 3597387691 composite?
False
Is 97581551 a prime number?
True
Is 555370267 prime?
True
Is 12012405463 a prime number?
False
Is 247558621 prime?
True
Is 6641813039 prime?
False
Is 18009438159 a composite number?
True
Is 91150464521 prime?
True
Is 880564697 a composite number?
False
Is 16313645989 composite?
False
Is 9238303003 a prime number?
True
Is 29979516019 prime?
True
Is 2748998999 a composite number?
False
Is 46755700957 composite?
True
Is 216027271 prime?
True
Is 26523045671 a prime number?
True
Is 1380979741 a composite number?
False
Is 946818557 a composite number?
False
Is 684653839 composite?
True
Is 3426275609 a prime number?
True
Is 70379082793 a prime number?
True
Is 735740803 composite?
True
Is 258359814127 a composite number?
True
Is 1501161223 composite?
True
Is 19998149 prime?
True
Is 425001611 prime?
False
Is 8573846663 prime?
True
Is 288535411 composite?
False
Is 117789909169 prime?
True
Is 54779621093 prime?
True
Is 36406670761 a prime number?
True
Is 7050552109 a composite number?
True
Is 3825052493 composite?
True
Is 427649987 a prime number?
False
Is 57850181 composite?
True
Is 1459869317 prime?
False
Is 2190170317 a prime number?
False
Is 13124431 a composite number?
False
Is 66409263953 a composite number?
False
Is 482390651 composite?
False
Is 43918943 composite?
False
Is 2511152929 composite?
True
Is 5211035353 prime?
True
Is 9213596759 a prime number?
False
Is 63468307139 a composite number?
False
Is 5642014201 prime?
False
Is 1113297707 a composite number?
True
Is 7691699837 composite?
False
Is 18404574613 a prime number?
True
Is 440567129 composite?
False
Is 2300627299 a prime number?
False
Is 60827687 composite?
False
Is 3278517001 composite?
False
Is 11787569561 prime?
True
Is 108247537 prime?
True
Is 46484335073 composite?
True
Is 2812750739 prime?
True
Is 37218311969 a composite number?
True
Is 47786046541 composite?
True
Is 3109710823 a prime number?
True
Is 31578135385 prime?
False
Is 133436421667 a composite number?
False
Is 1051797749 a composite number?
True
Is 2000490509 a prime number?
True
Is 862208719 a prime number?
True
Is 11535011689 composite?
False
Is 1605366851 prime?
False
Is 338671687 a composite number?
False
Is 19692102139 a prime number?
False
Is 55791290329 composite?
True
Is 13379158477 prime?
False
Is 6058994813 prime?
True
Is 1240801999 a prime number?
False
Is 7967198951 composite?
False
Is 33193664813 prime?
True
Is 61010123033 composite?
True
Is 1362599119 composite?
True
Is 3609137531 a prime number?
False
Is 186761819 prime?
True
Is 438096629 prime?
True
Is 25246751963 a composite number?
False
Is 1029389047 a prime number?
True
Is 156647712979 composite?
True
Is 3332346343 a prime number?
True
Is 1043008568021 prime?
False
Is 382108117 a composite number?
True
Is 58171717 composite?
True
Is 1100852405 a composite number?
True
Is 10820274683 prime?
True
Is 523493051 a prime number?
False
Is 896919733 prime?
False
Is 66688789 a prime number?
True
Is 16801691 a prime number?
False
Is 2606114209 a prime number?
False
Is 12913306619 composite?
True
Is 5035860491 prime?
False
Is 8395357895 composite?
True
Is 6594514505 a composite number?
True
Is 233036142217 a prime number?
False
Is 566824597 a composite number?
False
Is 670598069 a composite number?
False
Is 3318774379 a composite number?
True
Is 424960301 a prime number?
False
Is 65846685769 a prime number?
False
Is 334770259 a prime number?
False
Is 34127389481 composite?
True
Is 48993011 a composite number?
False
Is 220132704119 prime?
True
Is 2351192111 a prime number?
False
Is 609158237 a prime number?
False
Is 1518124813 composite?
True
Is 780616441 a composite number?
True
Is 5007397151 composite?
False
Is 3867707729 a composite number?
False
Is 736972099 a c